late y(t).
-3
Let n(q) = -q**2 - 3*q - 1. Let l be n(-4). Let c(a) = 13*a**2 + 33*a - 17. Let g(u) = 3*u**2 + 8*u - 4. Let k(t) = -2*c(t) + 9*g(t). Determine k(l).
-7
Suppose 9*h - 6*h = 93. Let f(o) = 1 - h*o**2 + 4*o - 3*o**3 + 2*o**3 + 33*o**2. Determine f(3).
4
Let i(b) = 5*b**2 + 3*b + 4. Let v(r) be the second derivative of 0 + 1/3*r**3 + 1/3*r**4 + 2*r**2 - r. Let w(l) = -3*i(l) + 4*v(l). What is w(0)?
4
Let z(m) = 20*m**3 - 10*m**3 + 11*m**3 + 1 + m**3. Give z(-1).
-21
Let j(g) be the second derivative of -5*g**3/6 + g**2 - g. Let z = 46 - 44. Determine j(z).
-8
Suppose -60 = -3*r - 4*q, 4*q - 18 - 2 = -r. Suppose -19*l + r*l - 2 = 0. Let v(h) = 2*h - 1. Determine v(l).
3
Let x(o) be the third derivative of -o**4/12 + o**3/6 - 6*o**2. What is x(1)?
-1
Let a(v) = v + 1. Let j be a(-7). Let t(h) be the first derivative of -h**4/4 - 2*h**3 + h**2 + 4*h + 9. Determine t(j).
-8
Let i be (8/(-10))/((-8)/60). Let l(a) = 2*a + a - 5 - i*a + a**2. Suppose 4*d = -b - 4, 2*b + 0*d - 4 = -2*d. Determine l(b).
-1
Let f be (3 - 4)/3*0. Let y(m) = f*m - m - 2*m**2 + 6*m**2 - m - 1. Give y(-1).
5
Suppose 2*v - w - 9 = -4*w, 0 = -5*v - 5*w + 25. Let t(h) = -h**2 - h. Let r(a) = a**3 - 11*a**2 - 3*a - 8. Let g(z) = -r(z) + 5*t(z). Give g(v).
-4
Suppose -i - 2*i = 0. Suppose i = -2*u - u. Let p(n) = 7 - 7 + 6 - 1 + n. What is p(u)?
5
Let o(p) = -3*p**2 - p. Suppose -d - 3*n + 5 = -0*n, d + 5*n = 9. What is o(d)?
-2
Let q(l) = -l - 4. Let x be q(-3). Let u(s) = -7*s**2 - 1. Calculate u(x).
-8
Let w be -1 - (-3 - 5 - -4). Let x(o) = -7*o**3 + o + 0*o - 12*o**3 + w*o**3. What is x(1)?
-15
Let i(w) = 0 + 2 + w - 1 - 2. Give i(-2).
-3
Let t(c) be the third derivative of -c**5/60 - 5*c**4/12 - 7*c**3/6 + 4*c**2. What is t(-10)?
-7
Let h(g) = -g + 2. Suppose 0 = 2*k - 5*k + 6. Suppose k*y = 7*y - 10. Let s = 7 - y. What is h(s)?
-3
Let r(n) = 6 + 4*n + n**3 + 122*n**2 + 0*n**3 - 117*n**2. Calculate r(-4).
6
Let j(i) be the third derivative of -i**4/12 + i**3/2 - 17*i**2. Calculate j(4).
-5
Let z = -14 - -28. Suppose -4*k + z = 3*r, -k = 4*k - 25. Let t(c) = c**3 + 2*c**2 + 3*c + 2. Calculate t(r).
-4
Let l(k) = k - 7. Suppose -3*r + 9 = -2*h, 3*h = 5*r - 6 - 10. Let c = r + 0. Determine l(c).
-2
Let p(y) = y**3 + 3*y**2 - 2*y - 1. Let d(f) = -3*f + 8. Let r(t) = -4*t + 12. Let l(i) = -7*d(i) + 5*r(i). Let o be l(-6). What is p(o)?
7
Let q(s) be the second derivative of -s**4/12 - 5*s**3/6 + 2*s**2 - 2*s. Let v(y) = 2*y - 5. Let m be v(0). Determine q(m).
4
Let n be (3 + -1)/(1/(0 + -1)). Let u(f) = -3*f - 1. Calculate u(n).
5
Let f(v) = -v. Let u be f(0). Suppose z = -u*z - 6. Let x(t) = t**2 + 8*t + 7. Give x(z).
-5
Let d(z) be the first derivative of -z**4/4 + 4*z**3/3 + 3*z**2/2 - 6*z + 342. Suppose -4*i + 12 = -i. Determine d(i).
6
Let k(l) = -8*l + 16. Let q(d) = 13*d - 24. Let z(t) = 8*k(t) + 5*q(t). What is z(-14)?
-6
Let m(t) be the first derivative of t**4/4 + 4*t**3/3 - t**2 - 6*t - 5. Give m(-4).
2
Let k(l) be the first derivative of l**4/4 + 7*l**3/3 + 5*l**2/2 + 13. What is k(-6)?
6
Suppose -5*v - 2*l + 2 = 17, -l = -v - 10. Let w(f) = -f - 4. Calculate w(v).
1
Suppose -3*m + 6*u = u - 11, 3*m - 8 = 2*u. Let z(y) = y**2 - y**3 - 3 + 4*y**m - 8*y**2 - 2*y. Let l be (-8)/5 - (-4)/(-10). Calculate z(l).
-3
Let x(y) be the second derivative of -y**3/6 - y**2/2 + 18*y. What is x(3)?
-4
Let a = -39 + 35. Let z(u) = u + 3. What is z(a)?
-1
Let a(o) = o**3 + o + 12. Let x be (-15 + 5)*(-2)/(-2). Let c be (-4)/(-14) - x/(-35). What is a(c)?
12
Let d(b) = -b + 11. Let c be d(8). Suppose 4*y = c*y. Let v(z) = 3*z + 2*z**3 - 5 - 3*z**3 - 4*z + 2*z**3. Calculate v(y).
-5
Let w(b) be the second derivative of -b**5/20 + b**4/2 - b**3 + b**2/2 + 2*b. Calculate w(4).
9
Let l(z) be the third derivative of -z**4/24 + 11*z**3/6 + 6*z**2. Calculate l(6).
5
Let s(j) = -j - 2. Let c = 13 + -11. Let n be 18/(-12) + (-11)/c. Give s(n).
5
Let h(j) = -5*j + 1. Suppose 0 = m - 4*m - 9. Determine h(m).
16
Let k(i) = -i**3 + 2*i**2 - 4*i + 2. Suppose 0 = 3*m - 3*v, 9*v = m + 4*v + 8. Calculate k(m).
-6
Let i(v) = -7*v**3 - 9*v**2 - 7*v - 4. Let c(u) = 20*u**3 + 26*u**2 + 20*u + 11. Let y(o) = 6*c(o) + 17*i(o). Calculate y(-3).
-5
Let f(w) = -w**3 - 2*w**2 + 2*w + 2. Let d be f(-3). Let z = -14 - -24. Suppose 5*n = 3*v + z, 3*n = 1 + d. Let b(u) = -u**3 - u**2 + 2. What is b(v)?
2
Let v(x) = x**2 + 6*x + 4. Let u(g) = g**2 - 1. Let z be u(3). Let s = z - 14. Let n be v(s). Let w(a) = -a**2 + 2*a + 5. Determine w(n).
-3
Let r(q) = q**3 + q**2 - 3*q - 3. Suppose -y + 0 = -u - 2, u - 3*y + 2 = 0. What is r(u)?
-1
Let m(q) be the first derivative of -q**4/4 - 11*q**3/3 - 9*q**2/2 + 14*q + 25. Determine m(-10).
4
Let k(t) = -2*t - t**2 - 3*t + 3 + 0*t. Suppose 0 = -3*l - 4*x - 15 + 5, -4*x - 22 = 5*l. Calculate k(l).
-3
Let g(c) = -2*c**3 - 2*c**2 + 1. Let r = -89 + 90. Calculate g(r).
-3
Let i(o) be the third derivative of 0 + 0*o - o**2 - 1/12*o**4 + 1/6*o**3. Let n = 4 - 2. Determine i(n).
-3
Let k be 5 + -8 - (-20 + 1). Let a(f) = -1 - 3*f**3 + k*f**3 - 4*f + 3*f. Calculate a(-1).
-13
Let x = -13 + 27. Suppose 2*o + 3*a = -a - x, -o - 6 = a. Let r(j) = 2*j + 6. Give r(o).
-4
Let b(l) = l**3 - l. Let h(a) = -a**3 - 3*a**2. Let r(u) = -2*b(u) - h(u). Let z(f) = f**3 + 5*f**2 - 5*f + 9. Let v be z(-6). Determine r(v).
6
Let c(z) be the second derivative of z**3/6 + 2*z**2 - z. Let w(o) = -o**3 + 15*o**2 + 3. Let y be w(15). Give c(y).
7
Let x(j) = 4*j + 8 - 20 + 4*j - 9*j. What is x(-9)?
-3
Let a(x) = -x**2 + 2. Suppose 5*p = 7 + 3. Determine a(p).
-2
Let f(u) = -u**3 + 3*u**2 + 4*u - 6. Let y(p) = p**3 + 3*p**2 - p + 1. Let n be y(-3). Let z be f(n). Let o(t) = -t - 7. Give o(z).
-1
Let i(u) = u**2 + 6*u - 1. Let q(c) = c**2 + 7*c - 2. Let r(w) = -5*i(w) + 4*q(w). Let z(f) be the first derivative of r(f). Suppose 5 = -3*d - 1. What is z(d)?
2
Let j(s) = -13*s**2 - 19*s - 2. Let h(i) = 6*i**2 + 3*i**2 - 2 + 6*i + 7*i + 3. Let c(q) = 7*h(q) + 5*j(q). What is c(-2)?
-3
Let s(f) be the third derivative of f**4/12 - 8*f**2. Determine s(3).
6
Let i be (10/4)/(1/(-2)). Let p be (-1)/i + (-54)/(-30). Let y(u) = -p + 1 + 4*u - 4*u + u. Give y(-3).
-4
Let q(k) = -23*k**3 + k. Let x(t) = 5*t - 16. Let s be x(3). Calculate q(s).
22
Let v(n) = 10*n**2 + 21*n - 29. Let c(i) = -7*i**2 - 14*i + 19. Let d(p) = 7*c(p) + 5*v(p). Calculate d(-9).
6
Let r(u) = 4*u**2 + u. Let p(j) = 4*j**2 + j. Let c(l) = -2*p(l) + 3*r(l). Determine c(-1).
3
Suppose 0 = -2*c + 7*c - 35. Let v(w) = c*w + 3*w**2 - w**2 - w - 3*w + 1. Calculate v(-2).
3
Let b(m) = -2*m**2 + 3*m - 3. Let l = 2 + 3. Let g = l + -3. What is b(g)?
-5
Let w(h) = h**3 + 3*h**2 + 3*h. Let f(a) = -a**2 + 7*a - 2. Suppose g + 4*s = 4 + 4, 10 = -g + 5*s. Suppose g = 8*p - 3*p - 35. Let m be f(p). Determine w(m).
-2
Let z(n) = -n**2 - 9*n + 5 - 3*n + 8*n. What is z(-4)?
5
Let b(y) be the first derivative of -9*y**2/2 - 1. Let k = 1 + 0. Calculate b(k).
-9
Let a(w) = -w. Let r(k) = 5*k + 1. Let q(l) = 4*a(l) + r(l). What is q(5)?
6
Let m(n) = -4*n - 2*n**2 + 3*n + 4*n**2 + 2*n**3. Let j be (-4)/14 + 27/21. What is m(j)?
3
Let u(q) = 1. Let j(z) = -2*z**3 - 4*z**2 - z + 2. Let s(f) = -j(f) + 2*u(f). Calculate s(-3).
-21
Let d(t) = -t**3 + 3*t**2 + 3*t + 3. Suppose 40 = 3*n + n. Let u be -2 + 0 + n/2. Suppose u*h - h - 8 = 0. Give d(h).
-1
Suppose 0*z - 1 = z. Let x = 1 + z. Let i(v) = -3*v**2 + v**3 - 4 + 2 + v + x. Give i(2).
-4
Suppose 0 = -u - 3 - 2, -u - 1 = -o. Let i(l) = -l**2 - 2*l + 5. What is i(o)?
-3
Let g = 7 - 4. Suppose 2*n - 24 = -0*n - 4*u, 0 = g*n - u - 1. Let h(r) = 0*r**3 - 4*r**2 + 4*r**3 + 5*r**n + 7 - 5*r**3. Give h(0).
7
Suppose 3*a + 22 = 7. Let s(x) = -5*x - 5 + 4*x - x - 3*x + 4*x. Determine s(a).
0
Suppose 4 = -r + 3*r. Let v(j) be the third derivative of -j**5/20 + j**4/8 - j**3/6 - 3*j**2. Determine v(r).
-7
Let v(k) = -k**2 - k + 2. Let d(h) = h**2 + h. Let y be d(-2). Suppose 3*o - 12 = 3. Suppose o*w = y*w. Determine v(w).
2
Let g(t) = -t**3 + 12*t**2 - 13*t + 27. Let c be g(11). Let b(o) be the third derivative of o**2 + 0*o + 7/6*o**3 - 1/8*o**4 + 0. Calculate b(c).
-8
Let r(u) = 5 + 6*u + 1 - 9. Let g(z) = -11*z + 6. Let h(x) = -3*g(x) - 5*r(x). Determine h(4).
9
Let o(u) = -3*u**3 - 8*u**2 + 11*u - 4. Let p(h) =